{"id":110,"date":"2021-01-29T21:00:13","date_gmt":"2021-01-29T21:00:13","guid":{"rendered":"http:\/\/www.dominikuvpokrok.cz\/?page_id=110"},"modified":"2025-07-14T22:23:04","modified_gmt":"2025-07-14T22:23:04","slug":"kontakt","status":"publish","type":"page","link":"https:\/\/www.dominikuvpokrok.cz\/index.php\/kontakt\/","title":{"rendered":"Kontakt"},"content":{"rendered":"\n<p style=\"font-size:19px\">Mobil: +420 733 400 003 (kontakt maminka Jana Vav\u0159\u00edkov\u00e1)<\/p>\n\n\n\n<p style=\"font-size:19px\">Email: dominikuvpokrok@email.cz<\/p>\n\n\n\n<p style=\"font-size:19px\">\u010c\u00edslo transparentn\u00edho \u00fa\u010dtu: 123-3487360297\/0100 (Jana Vav\u0159\u00edkov\u00e1)<\/p>\n\n\n\n<p style=\"font-size:19px\">Najdete n\u00e1s i na Facebooku: Dominik\u016fv po-krok<\/p>\n\n\n\n<p>a Instagramu: dominikuv_po_krok<\/p>\n\n\n\n<p><\/p>\n\n\n\n<p><\/p>\n","protected":false},"excerpt":{"rendered":"<p>Mobil: +420 733 400 003 (kontakt maminka Jana Vav\u0159\u00edkov\u00e1) Email: dominikuvpokrok@email.cz \u010c\u00edslo transparentn\u00edho \u00fa\u010dtu: 123-3487360297\/0100 (Jana Vav\u0159\u00edkov\u00e1) Najdete n\u00e1s i na Facebooku: Dominik\u016fv po-krok a Instagramu: dominikuv_po_krok<\/p>\n","protected":false},"author":1,"featured_media":0,"parent":0,"menu_order":0,"comment_status":"closed","ping_status":"closed","template":"","meta":[],"_links":{"self":[{"href":"https:\/\/www.dominikuvpokrok.cz\/index.php\/wp-json\/wp\/v2\/pages\/110"}],"collection":[{"href":"https:\/\/www.dominikuvpokrok.cz\/index.php\/wp-json\/wp\/v2\/pages"}],"about":[{"href":"https:\/\/www.dominikuvpokrok.cz\/index.php\/wp-json\/wp\/v2\/types\/page"}],"author":[{"embeddable":true,"href":"https:\/\/www.dominikuvpokrok.cz\/index.php\/wp-json\/wp\/v2\/users\/1"}],"replies":[{"embeddable":true,"href":"https:\/\/www.dominikuvpokrok.cz\/index.php\/wp-json\/wp\/v2\/comments?post=110"}],"version-history":[{"count":5,"href":"https:\/\/www.dominikuvpokrok.cz\/index.php\/wp-json\/wp\/v2\/pages\/110\/revisions"}],"predecessor-version":[{"id":946,"href":"https:\/\/www.dominikuvpokrok.cz\/index.php\/wp-json\/wp\/v2\/pages\/110\/revisions\/946"}],"wp:attachment":[{"href":"https:\/\/www.dominikuvpokrok.cz\/index.php\/wp-json\/wp\/v2\/media?parent=110"}],"curies":[{"name":"wp","href":"https:\/\/api.w.org\/{rel}","templated":true}]}}